/30)/((-2)/p)?
2
Suppose 4*x - o - 150 = -0*o, -3*x - 5*o + 124 = 0. What are the prime factors of x?
2, 19
Suppose 3*p - 175 = -2*p. What are the prime factors of p?
5, 7
Let g be (2/4)/((-2)/(-8)). Suppose -v = g*v. Suppose -2*p + 2*w + 4 = -3*w, -p + w + 8 = v. List the prime factors of p.
2, 3
List the prime factors of 1/((0 - -2)/86).
43
Suppose 2*r = d - 4*d + 236, 2*r = 2*d + 226. Suppose k = 5*q - 180, r = 6*q - 2*q + 5*k. What are the prime factors of q?
5, 7
Let r = -83 + 142. Suppose 4*k = 3*w + 57, -5*w + 56 = 5*k - r. List the prime factors of k.
2, 3
Let p(s) = s**2 + 4*s - 1. Let n be p(-5). Let i be 70/n - (-2)/4. Suppose -4*h + h + i = 0. What are the prime factors of h?
2, 3
Let l(q) = 2*q - 3. Let y be l(2). Let h = y - -9. What are the prime factors of h?
2, 5
What are the prime factors of (-1092)/(-70) - (-4)/10?
2
Let u(l) be the third derivative of -l**4/24 - l**3/3 - 2*l**2. Suppose 5*v = -29 - 1. List the prime factors of u(v).
2
Suppose -5*m = t - 6, 3*m - 5 = -3*t + m. Let b = -1 + 4. Let d = t + b. What are the prime factors of d?
2
List the prime factors of (-1360)/(-28) - (-1 - (-8)/14).
7
Suppose -i + 9 = -5*j + 2, -4*j - 5 = -i. What are the prime factors of (8/10)/(j/(-5))?
2
Let p(a) = -a - 20. Let j be p(0). Let x = j + 57. List the prime factors of x.
37
Let v(j) = -j + 18. Let p be v(8). Let y = p + -6. List the prime factors of y.
2
Let n(o) = -12*o + 1. Let j be n(-4). Suppose -t - 5*h = -2*t + 18, j = 4*t + 3*h. List the prime factors of t.
13
Let l = 3 - 4. Let b = 7 + l. Suppose z = 5 + b. List the prime factors of z.
11
Suppose -2*c = b + b - 4, -2*c - b = -6. Let q(y) = -4 - c*y + 0*y + y. What are the prime factors of q(-5)?
11
Let r = -1 + 54. Let s = r - 38. What are the prime factors of (-24)/32 + s/4?
3
Suppose 5*m - 427 = -4*k, 5*k - 5*m - 521 = -7*m. List the prime factors of k.
103
Suppose -13 = f + 54. Let s = 116 + f. What are the prime factors of s?
7
Suppose 19 + 2795 = 21*z. What are the prime factors of z?
2, 67
Suppose 180 = -5*m - 235. Let t = -44 - m. List the prime factors of t.
3, 13
Let k = 231 - 145. List the prime factors of k.
2, 43
Let k = 12 + 57. What are the prime factors of k?
3, 23
Suppose 2*u = -5*f + 2*f - 2, -u - 3 = 2*f. What are the prime factors of 2*(-26)/f*1?
13
Suppose 43 = 3*l - 119. What are the prime factors of l?
2, 3
Let l = -2 - -3. Let y(n) = -5*n**3 + 2*n + 1. Let g be y(-1). List the prime factors of 7/l + g/2.
3
Suppose 0 = t - 2 - 62. What are the prime factors of t?
2
Let i = -5 - -7. Let b(l) = 2*l**3 + l**2 - 2*l. List the prime factors of b(i).
2
Suppose o - d = 116, 22 - 258 = -2*o + d. Suppose -l + o = 4*l. Suppose -q - q = -l. What are the prime factors of q?
2, 3
Suppose 0*t - 2*l + 12 = -4*t, -4*t - 2*l = 20. Suppose 3*r = -3*h - 39, 0 = 5*r + 3*h + 46 + 13. Let f = t - r. List the prime factors of f.
2, 3
Suppose -i + 1 = -o - 2, -3*o - 17 = -5*i. Suppose -o = -5*k + 9. Suppose -8 = -z + k. What are the prime factors of z?
2, 5
Let u(g) = 13*g**3 + 2*g**2. List the prime factors of u(2).
2, 7
Let z = -1 - -6. Suppose 3*f = 5*u + 7, u - 61 = -z*f - 3*u. List the prime factors of f.
3
Suppose 1 = 2*v - 55. Suppose -3*c + v = b, b + c - 14 - 12 = 0. List the prime factors of b.
5
Suppose -2 - 19 = -a. List the prime factors of 120/a - 6/(-21).
2, 3
Let c(u) = -u**2 + 10*u + 5. List the prime factors of c(10).
5
Let z be (-15)/4*(-6 + 2). Suppose -z = -5*t, 12 = 3*a - t + 3*t. Suppose 0 = -a*f - 3*f + 5*k + 40, -2*f - k = -10. What are the prime factors of f?
2, 3
Suppose -2*q - 10 = 0, -9*q - 104 = -m - 6*q. List the prime factors of m.
89
Let v = -4 + 50. What are the prime factors of v?
2, 23
Let q = 91 - 53. What are the prime factors of q?
2, 19
Let m = -17 - -22. List the prime factors of m.
5
Suppose -5*p = -5*k + 140, 2*k + 2*p - 52 = -0*k. Let g = k + -16. List the prime factors of g.
11
Let v be 1/3 - (-44)/12. Suppose -v*m + 23 = -m + a, 0 = m - 5*a + 19. List the prime factors of m.
2, 3
Let f(w) = -w - 1. Let j be -3 - 1/(-2)*0. Let i be f(j). Suppose 0 = -4*k + i*k + 16. What are the prime factors of k?
2
Let z = -17 + 62. Suppose -r + 3*b = 20, -5*r + 2*b - z = -2*b. Let w = r + 12. What are the prime factors of w?
7
What are the prime factors of 12 + 1 - 0/(-8)?
13
Let o(t) = 24*t - 87. What are the prime factors of o(5)?
3, 11
Let m(c) = -9*c**2 - 6. Let u(p) = -p**3 + p**2 - 1. Let w(v) = -m(v) - u(v). Let q be w(-8). What are the prime factors of q + (0 + 1 - 2)?
2, 3
Suppose -6*y = -2*y. Suppose y = -4*x + 2*x + 28. List the prime factors of x.
2, 7
Suppose 0*b + 4*i = 3*b + 8, -i + 28 = -4*b. List the prime factors of ((-5)/4)/(2/b).
5
Let g = 3 + -1. Suppose s - 5*s + g*b = -406, -5*b + 285 = 3*s. Suppose -5*o + 97 = 2*n, 4*n = -5*o + s - 1. List the prime factors of o.
19
Let w(d) = 2*d**2 - 3*d - 2. Let i be w(-2). Suppose -2*y + i + 6 = 0. What are the prime factors of y?
3
Let a(w) = 20*w**2 + w - 10. What are the prime factors of a(-3)?
167
Suppose -2*x + 2*s + 5 = -7, -5*x + 4*s + 26 = 0. Suppose x*o - 61 = 9. List the prime factors of o.
5, 7
Suppose 2*c = 3 + 187. List the prime factors of c.
5, 19
Let n(t) = t + 12. Let i be n(-9). What are the prime factors of i/(-2)*26/(-3)?
13
Suppose -2*z + 4*m = 12, 3 + 3 = 2*z + 2*m. Suppose 5*q - 8 - 2 = z. Suppose q + 2 = 2*w. List the prime factors of w.
2
Let j(y) = -y**2 - 5*y - 4. Let t be j(-6). What are the prime factors of 56/6*(-15)/t?
2, 7
Let w(c) = c**2 + 1 + 5*c - 2*c**2 + 2*c**2. List the prime factors of w(-7).
3, 5
Suppose 4*f = r + 4*r + 33, 2*f + 2*r + 6 = 0. Suppose -w = 1, w - 1 = -5*i + f*w. Suppose i = d + d - 18. What are the prime factors of d?
3
Let g(j) = j**3 - 17*j**2 - 11*j - 43. List the prime factors of g(18).
83
List the prime factors of (8 - 0)/(8 + -7).
2
Let t(p) = p**3 - p**2 + 2*p. Let a be t(2). Suppose -2*j + 10 = 2*h, -3*j = -a*j + 3*h + 33. Let d = j + -3. What are the prime factors of d?
3
Suppose g + 60 = -3*g + 2*x, 5*g - x + 75 = 0. Let p(j) = -j - 7. Let s be p(0). Let h = s - g. What are the prime factors of h?
2
Let q(j) = -18*j - 3. Let w(o) = 6*o + 1. Let z(t) = -4*q(t) - 11*w(t). List the prime factors of z(4).
5
Let n = 55 - -9. What are the prime factors of n?
2
Let r = 97 + -49. Suppose 0 = -a + 5*a - r. List the prime factors of a.
2, 3
Suppose 2*n = 3*h + 169, 4*n - 86 = 3*n + h. List the prime factors of n.
89
Let s = 2 + 4. Suppose -3*a = -24 - s. List the prime factors of (-6)/a + 69/15.
2
Let b = 22 - 15. Let h = 9 - b. Suppose 7*y = h*y + 15. List the prime factors of y.
3
List the prime factors of -1 + (-5)/(20/(-16)) + 18.
3, 7
Let b be ((-15)/(-10))/((-3)/(-34)). Let g = 0 + b. What are the prime factors of g?
17
Let w(o) = 2*o + 67. List the prime factors of w(0).
67
Let m be (-1)/((-2)/8) - -1. Suppose -m*j = -2*j - 15. List the prime factors of j/(3 - (4 - 2)).
5
What are the prime factors of ((-510)/50)/(3/(-15))?
3, 17
Let f = 3 + -2. Let p be 0 + f - (0 + -8). List the prime factors of p - (-4)/(-4 + 2).
7
Suppose -4*f - f = -15, 3*t - 2*f = 6. Suppose t*x - 180 = x. Let n = x + -42. What are the prime factors of n?
2, 3
List the prime factors of (-6)/36 + (-974)/(-12).
3
What are the prime factors of 4/(24/(-45))*32/(-6)?
2, 5
Suppose z = 3*u + 3, 0 = z + 3*u + 3 - 6. List the prime factors of z/(-2) + 33/6.
2
Suppose -5 = -3*c - 2, 0 = -4*v - 3*c + 363. What are the prime factors of v?
2, 3, 5
List the prime factors of (-4)/(-6) - (-92)/6.
2
Let k(i) be the third derivative of i**5/30 - i**4/8 + i**3/6 + i**2. List the prime factors of k(2).
3
Let n be (-32)/(-18) - 2*(-2)/18. Let a = 29 + -11. Suppose -w = -n*w + a. List the prime factors of w.
2, 3
Suppose 3*i = i - 6. Let h(w) = 5*w + 6. Let c(g) = -14*g - 17. Let j(z) = -6*c(z) - 17*h(z). What are the prime factors of j(i)?
3
Suppose 0*o + 3*o = -72. What are the prime factors of (-4)/o + (-166)/(-12)?
2, 7
Let q = -2 - -2. Let f(s) = s**3 - s + 2. Let n be f(q). Let l = 4 - n. List the prime factors of l.
2
Suppose -2*p = 2*p + g - 416, 0 = -3*g. List the prime factors of p.
2, 13
Let w(j) = -j**3 + 19*j**2 + 22*j + 14. List the prime factors of w(20).
2, 3
Let p(o) = -o**2 - 5*o - 4. Let y be p(-4). Suppose y*g + g - 2 = 0. Suppose -4*r + z = g